{"id":12,"date":"2015-02-20T20:12:25","date_gmt":"2015-02-20T19:12:25","guid":{"rendered":"http:\/\/theme-fusion.com\/avada_demos\/law\/?page_id=12"},"modified":"2017-05-09T12:16:19","modified_gmt":"2017-05-09T10:16:19","slug":"geschichte-tradition","status":"publish","type":"page","link":"http:\/\/kirchworbis.de\/heimatverein\/geschichte-tradition\/","title":{"rendered":"Geschichte &#038; Tradition"},"content":{"rendered":"<p>[vc_row css=&#8220;.vc_custom_1462862653068{margin-top: 32px !important;margin-right: 0% !important;margin-left: 0% !important;background-color: #ffffff !important;}&#8220; el_class=&#8220;veranstaltung-kasten&#8220;][vc_column el_class=&#8220;first-col&#8220;][vc_custom_heading text=&#8220;Geschichte &amp; Tradition&#8220; font_container=&#8220;tag:h2|font_size:24px|text_align:center|line_height:30px&#8220; google_fonts=&#8220;font_family:Open%20Sans%3A300%2C300italic%2Cregular%2Citalic%2C600%2C600italic%2C700%2C700italic%2C800%2C800italic|font_style:400%20regular%3A400%3Anormal&#8220; el_class=&#8220;f-weight-100&#8243;][\/vc_column][\/vc_row][vc_row css=&#8220;.vc_custom_1462859349498{margin-top: 30px !important;margin-right: 0px !important;margin-bottom: 30px !important;margin-left: 0px !important;padding-top: 30px !important;padding-right: 5% !important;padding-bottom: 30px !important;padding-left: 5% !important;background-color: #ffffff !important;}&#8220; el_class=&#8220;veranstaltung-kasten&#8220;][vc_column][vc_row_inner][vc_column_inner width=&#8220;1\/2&#8243;][vc_column_text]<\/p>\n<h2>DAS WALDFEST<\/h2>\n<p>Einer alten Tradition zur Folge ist der Heimatverein der Wiederbelebung des Waldfestes nachgegangen.<\/p>\n<p>Vor mehr als 70 Jahren hie\u00df es im Dorf -Es ist Maitag-. Dann zogen die \u00f6rtlichen Gastwirte mit ihren Getr\u00e4nkewagen, damals noch von Pferden gezogen, an den Waldrand des Langenberges von Kirchworbis.<\/p>\n<p>Blondchen Alo &#8211; und &#8211; Sprudel Fischer &#8211; unterst\u00fctzten mit ihren Produkten das Fest. Musik und Tanz gab es mit der Blasmusikkapelle aus dem Dorf. Die Familien zogen, im Gep\u00e4ck die Stracke und den Feldgieker, in den Wald und lie\u00dfen sich am Waldesrand zur Vesper nieder.<\/p>\n<p>In der heutigen Zeit findet das Waldfest j\u00e4hrlich am Pfingstmontag fast an gleicher Stelle statt und wird begeistert von der Bev\u00f6lkerung angenommen.[\/vc_column_text][\/vc_column_inner][vc_column_inner width=&#8220;1\/2&#8243;][vc_single_image image=&#8220;1695&#8243; img_size=&#8220;full&#8220; onclick=&#8220;link_image&#8220;][vc_single_image image=&#8220;1696&#8243; img_size=&#8220;full&#8220; onclick=&#8220;link_image&#8220;][\/vc_column_inner][\/vc_row_inner][\/vc_column][\/vc_row][vc_row css=&#8220;.vc_custom_1462859349498{margin-top: 30px !important;margin-right: 0px !important;margin-bottom: 30px !important;margin-left: 0px !important;padding-top: 30px !important;padding-right: 5% !important;padding-bottom: 30px !important;padding-left: 5% !important;background-color: #ffffff !important;}&#8220; el_class=&#8220;veranstaltung-kasten&#8220;][vc_column][vc_row_inner][vc_column_inner width=&#8220;1\/2&#8243;][vc_column_text]<\/p>\n<h2>\u00dcberschrift<\/h2>\n<p>Lorem ipsum dolor sit amet, consectetur adipisicing elit, sed do eiusmod tempor incididunt ut labore et dolore magna aliqua. Ut enim ad minim veniam, quis nostrud exercitation ullamco laboris nisi ut aliquip ex ea commodo consequat. Duis aute irure dolor in reprehenderit in voluptate velit esse cillum dolore eu fugiat nulla pariatur. Excepteur sint occaecat cupidatat non proident, sunt in culpa qui officia deserunt mollit anim id est laborum.Lorem ipsum dolor sit amet, consectetur adipisicing elit, sed do eiusmod tempor incididunt ut labore et dolore magna aliqua. Ut enim ad minim veniam, quis nostrud exercitation ullamco laboris nisi ut aliquip ex ea commodo consequat. Duis aute irure dolor in reprehenderit in voluptate velit esse cillum dolore eu fugiat nulla pariatur. Excepteur sint occaecat cupidatat non proident, sunt in culpa qui officia deserunt mollit anim id est laborum.<\/p>\n<p>[\/vc_column_text][\/vc_column_inner][vc_column_inner width=&#8220;1\/2&#8243;][vc_single_image image=&#8220;1504&#8243; img_size=&#8220;full&#8220; onclick=&#8220;link_image&#8220;][vc_single_image image=&#8220;1503&#8243; img_size=&#8220;full&#8220; onclick=&#8220;link_image&#8220;][\/vc_column_inner][\/vc_row_inner][\/vc_column][\/vc_row]<\/p>\n","protected":false},"excerpt":{"rendered":"<p>[vc_row css=&#8220;.vc_custom_1462862653068{margin-top: 32px !important;margin-right: 0% !important;margin-left: 0% !important;background-color: #ffffff !important;}&#8220; el_class=&#8220;veranstaltung-kasten&#8220;][vc_column el_class=&#8220;first-col&#8220;][vc_custom_heading text=&#8220;Geschichte &amp; Tradition&#8220; font_container=&#8220;tag:h2|font_size:24px|text_align:center|line_height:30px&#8220; google_fonts=&#8220;font_family:Open%20Sans%3A300%2C300italic%2Cregular%2Citalic%2C600%2C600italic%2C700%2C700italic%2C800%2C800italic|font_style:400%20regular%3A400%3Anormal&#8220; el_class=&#8220;f-weight-100&#8243;][\/vc_column][\/vc_row][vc_row css=&#8220;.vc_custom_1462859349498{margin-top: 30px !important;margin-right: 0px !important;margin-bottom: 30px !important;margin-left: 0px !important;padding-top: 30px !important;padding-right: 5% !important;padding-bottom: 30px !important;padding-left: 5% !important;background-color: #ffffff !important;}&#8220; el_class=&#8220;veranstaltung-kasten&#8220;][vc_column][vc_row_inner][vc_column_inner width=&#8220;1\/2&#8243;][vc_column_text] DAS WALDFEST Einer alten Tradition zur Folge ist der Heimatverein der Wiederbelebung des Waldfestes nachgegangen. Vor [&hellip;]<\/p>\n","protected":false},"author":1,"featured_media":0,"parent":0,"menu_order":2,"comment_status":"open","ping_status":"closed","template":"","meta":{"inline_featured_image":false,"footnotes":""},"_links":{"self":[{"href":"http:\/\/kirchworbis.de\/heimatverein\/wp-json\/wp\/v2\/pages\/12"}],"collection":[{"href":"http:\/\/kirchworbis.de\/heimatverein\/wp-json\/wp\/v2\/pages"}],"about":[{"href":"http:\/\/kirchworbis.de\/heimatverein\/wp-json\/wp\/v2\/types\/page"}],"author":[{"embeddable":true,"href":"http:\/\/kirchworbis.de\/heimatverein\/wp-json\/wp\/v2\/users\/1"}],"replies":[{"embeddable":true,"href":"http:\/\/kirchworbis.de\/heimatverein\/wp-json\/wp\/v2\/comments?post=12"}],"version-history":[{"count":7,"href":"http:\/\/kirchworbis.de\/heimatverein\/wp-json\/wp\/v2\/pages\/12\/revisions"}],"predecessor-version":[{"id":1720,"href":"http:\/\/kirchworbis.de\/heimatverein\/wp-json\/wp\/v2\/pages\/12\/revisions\/1720"}],"wp:attachment":[{"href":"http:\/\/kirchworbis.de\/heimatverein\/wp-json\/wp\/v2\/media?parent=12"}],"curies":[{"name":"wp","href":"https:\/\/api.w.org\/{rel}","templated":true}]}}

<p>[vc_row css=&#8220;.vc_custom_1462862653068{margin-top: 32px !important;margin-right: 0% !important;margin-left: 0% !important;background-color: #ffffff !important;}&#8220; el_class=&#8220;veranstaltung-kasten&#8220;][vc_column el_class=&#8220;first-col&#8220;][vc_custom_heading text=&#8220;Geschichte &amp; Tradition&#8220; font_container=&#8220;tag:h2|font_size:24px|text_align:center|line_height:30px&#8220; google_fonts=&#8220;font_family:Open%20Sans%3A300%2C300italic%2Cregular%2Citalic%2C600%2C600italic%2C700%2C700italic%2C800%2C800italic|font_style:400%20regular%3A400%3Anormal&#8220; el_class=&#8220;f-weight-100&#8243;][/vc_column][/vc_row][vc_row css=&#8220;.vc_custom_1462859349498{margin-top: 30px !important;margin-right: 0px !important;margin-bottom: 30px !important;margin-left: 0px !important;padding-top: 30px !important;padding-right: 5% !important;padding-bottom: 30px !important;padding-left: 5% !important;background-color: #ffffff !important;}&#8220; el_class=&#8220;veranstaltung-kasten&#8220;][vc_column][vc_row_inner][vc_column_inner width=&#8220;1/2&#8243;][vc_column_text]</p>
<h2>DAS WALDFEST</h2>
<p>Einer alten Tradition zur Folge ist der Heimatverein der Wiederbelebung des Waldfestes nachgegangen.</p>
<p>Vor mehr als 70 Jahren hieß es im Dorf -Es ist Maitag-. Dann zogen die örtlichen Gastwirte mit ihren Getränkewagen, damals noch von Pferden gezogen, an den Waldrand des Langenberges von Kirchworbis.</p>
<p>Blondchen Alo &#8211; und &#8211; Sprudel Fischer &#8211; unterstützten mit ihren Produkten das Fest. Musik und Tanz gab es mit der Blasmusikkapelle aus dem Dorf. Die Familien zogen, im Gepäck die Stracke und den Feldgieker, in den Wald und ließen sich am Waldesrand zur Vesper nieder.</p>
<p>In der heutigen Zeit findet das Waldfest jährlich am Pfingstmontag fast an gleicher Stelle statt und wird begeistert von der Bevölkerung angenommen.[/vc_column_text][/vc_column_inner][vc_column_inner width=&#8220;1/2&#8243;][vc_single_image image=&#8220;1695&#8243; img_size=&#8220;full&#8220; onclick=&#8220;link_image&#8220;][vc_single_image image=&#8220;1696&#8243; img_size=&#8220;full&#8220; onclick=&#8220;link_image&#8220;][/vc_column_inner][/vc_row_inner][/vc_column][/vc_row][vc_row css=&#8220;.vc_custom_1462859349498{margin-top: 30px !important;margin-right: 0px !important;margin-bottom: 30px !important;margin-left: 0px !important;padding-top: 30px !important;padding-right: 5% !important;padding-bottom: 30px !important;padding-left: 5% !important;background-color: #ffffff !important;}&#8220; el_class=&#8220;veranstaltung-kasten&#8220;][vc_column][vc_row_inner][vc_column_inner width=&#8220;1/2&#8243;][vc_column_text]</p>
<h2>Überschrift</h2>
<p>Lorem ipsum dolor sit amet, consectetur adipisicing elit, sed do eiusmod tempor incididunt ut labore et dolore magna aliqua. Ut enim ad minim veniam, quis nostrud exercitation ullamco laboris nisi ut aliquip ex ea commodo consequat. Duis aute irure dolor in reprehenderit in voluptate velit esse cillum dolore eu fugiat nulla pariatur. Excepteur sint occaecat cupidatat non proident, sunt in culpa qui officia deserunt mollit anim id est laborum.Lorem ipsum dolor sit amet, consectetur adipisicing elit, sed do eiusmod tempor incididunt ut labore et dolore magna aliqua. Ut enim ad minim veniam, quis nostrud exercitation ullamco laboris nisi ut aliquip ex ea commodo consequat. Duis aute irure dolor in reprehenderit in voluptate velit esse cillum dolore eu fugiat nulla pariatur. Excepteur sint occaecat cupidatat non proident, sunt in culpa qui officia deserunt mollit anim id est laborum.</p>
<p>[/vc_column_text][/vc_column_inner][vc_column_inner width=&#8220;1/2&#8243;][vc_single_image image=&#8220;1504&#8243; img_size=&#8220;full&#8220; onclick=&#8220;link_image&#8220;][vc_single_image image=&#8220;1503&#8243; img_size=&#8220;full&#8220; onclick=&#8220;link_image&#8220;][/vc_column_inner][/vc_row_inner][/vc_column][/vc_row]</p>
